 47, 96893
List the prime factors of 3951343.
11, 79, 4547
List the prime factors of 13412522.
2, 31, 227, 953
List the prime factors of 568378.
2, 17, 73, 229
What are the prime factors of 639993?
3, 383, 557
What are the prime factors of 2341777?
2341777
What are the prime factors of 17117184?
2, 3, 7, 199
What are the prime factors of 231057?
3, 25673
What are the prime factors of 1243121?
11, 113011
What are the prime factors of 3494968?
2, 436871
List the prime factors of 1148633.
47, 24439
List the prime factors of 700857.
3, 43, 1811
List the prime factors of 32289397.
7, 101, 109, 419
List the prime factors of 14012819.
23, 609253
What are the prime factors of 162662?
2, 81331
What are the prime factors of 714270?
2, 3, 5, 29, 821
List the prime factors of 18604130.
2, 5, 71, 26203
List the prime factors of 86504.
2, 11, 983
List the prime factors of 4523847.
3, 23, 65563
List the prime factors of 10447788.
2, 3, 13, 66973
List the prime factors of 116388.
2, 3, 53, 61
What are the prime factors of 74002?
2, 163, 227
What are the prime factors of 323182?
2, 161591
What are the prime factors of 6146429?
89, 69061
What are the prime factors of 566636?
2, 7, 59
List the prime factors of 84898.
2, 11, 17, 227
List the prime factors of 7352604.
2, 3, 7, 163, 179
List the prime factors of 692298.
2, 3, 38461
What are the prime factors of 23963861?
23, 1041907
What are the prime factors of 13091059?
13091059
What are the prime factors of 633981?
3, 17, 31, 401
List the prime factors of 35877.
3, 11959
List the prime factors of 1863199.
13, 331, 433
List the prime factors of 3517234.
2, 7, 251231
List the prime factors of 376132.
2, 94033
What are the prime factors of 845350?
2, 5, 11, 29, 53
What are the prime factors of 7842427?
7842427
List the prime factors of 1074146.
2, 19, 23, 1229
List the prime factors of 1952901.
3, 97, 2237
List the prime factors of 6298386.
2, 3, 19, 55249
What are the prime factors of 972580?
2, 5, 7, 6947
List the prime factors of 5702008.
2, 13, 109, 503
List the prime factors of 203509.
19, 10711
What are the prime factors of 2783963?
7, 13, 30593
List the prime factors of 328700.
2, 5, 19, 173
What are the prime factors of 2057973?
3, 685991
What are the prime factors of 578059?
23, 41, 613
List the prime factors of 7463870.
2, 5, 31, 24077
What are the prime factors of 320804?
2, 11, 23, 317
What are the prime factors of 85763?
139, 617
List the prime factors of 99851.
31, 3221
List the prime factors of 224910.
2, 3, 5, 7, 17
What are the prime factors of 308115?
3, 5, 41, 167
List the prime factors of 815008.
2, 25469
List the prime factors of 9693650.
2, 5, 193873
What are the prime factors of 4757411?
4757411
List the prime factors of 4779072.
2, 3, 8297
List the prime factors of 260552.
2, 32569
List the prime factors of 10012347.
3, 1112483
List the prime factors of 29329267.
11, 17, 156841
List the prime factors of 466603.
466603
What are the prime factors of 2101267?
7, 19, 37, 61
What are the prime factors of 995624?
2, 7, 23, 773
What are the prime factors of 1576334?
2, 788167
What are the prime factors of 78422?
2, 113, 347
List the prime factors of 404715.
3, 5, 26981
What are the prime factors of 68482?
2, 97, 353
What are the prime factors of 286673?
286673
List the prime factors of 14861570.
2, 5, 17, 87421
List the prime factors of 4330277.
7, 67, 1319
List the prime factors of 7536062.
2, 61, 223, 277
List the prime factors of 18764.
2, 4691
List the prime factors of 148580.
2, 5, 17, 19, 23
List the prime factors of 583934.
2, 13, 37, 607
What are the prime factors of 5399668?
2, 1349917
List the prime factors of 142226.
2, 7, 10159
List the prime factors of 333141.
3, 293, 379
List the prime factors of 11495.
5, 11, 19
What are the prime factors of 589596?
2, 3, 7, 7019
List the prime factors of 4255745.
5, 13, 233, 281
What are the prime factors of 133321?
133321
What are the prime factors of 300689?
199, 1511
List the prime factors of 2502425.
5, 199, 503
What are the prime factors of 202968?
2, 3, 2819
What are the prime factors of 1126575?
3, 5, 1669
List the prime factors of 974163.
3, 173, 1877
What are the prime factors of 3857745?
3, 5, 43, 5981
What are the prime factors of 559526?
2, 11, 29, 877
What are the prime factors of 489528?
2, 3, 13, 523
What are the prime factors of 934524?
2, 3, 17, 509
What are the prime factors of 894354?
2, 3, 149059
What are the prime factors of 1651917?
3, 19, 73, 397
What are the prime factors of 21859009?
21859009
List the prime factors of 1131374.
2, 19, 1567
List the prime factors of 284007.
3, 41, 2309
List the prime factors of 351770.
2, 5, 29, 1213
List the prime factors of 1099595.
5, 7, 89, 353
What are the prime factors of 19692136?
2, 41, 60037
What are the prime factors of 339254?
2, 169627
What are the prime factors of 248688?
2, 3, 11, 157
List the prime factors of 68443.
68443
List the prime factors of 4313868.
2, 3, 13, 27653
What are the prime factors of 2068332?
2, 3, 7, 24623
List the prime factors of 3516862.
2, 19, 4871
List the prime factors of 4517451.
3, 43, 1297
List the prime factors of 431551.
31, 13921
What are the prime factors of 130815?
3, 5, 17, 19
List the prime factors of 98295.
3, 5, 6553
List the prime factors of 2052354.
2, 3, 342059
What are the prime factors of 13815720?
2, 3, 5, 38377
What are the prime factors of 486656?
2, 1901
What are the prime factors of 4047517?
23, 175979
What are the prime factors of 9377656?
2, 1172207
List the prime factors of 338061.
3, 112687
What are the prime factors of 1578764?
2, 11, 53, 677
List the prime factors of 3985333.
11, 362303
List the prime factors of 1408788.
2, 3, 39133
What are the prime factors of 3823048?
2, 477881
What are the prime factors of 248072?
2, 11, 2819
What are the prime factors of 490231?
7, 59, 1187
List the prime factors of 2234547.
3, 7, 563
List the prime factors of 381207.
3, 31, 4099
What are the prime factors of 142655?
5, 103, 277
What are the prime factors of 4734072?
2, 3, 7, 31, 101
List the prime factors of 200105.
5, 31, 1291
What are the prime factors of 1459739?
17, 5051
List the prime factors of 673157.
673157
What are the prime factors of 40987541?
7, 19, 23, 13399
What are the prime factors of 3387600?
2, 3, 5, 941
List the prime factors of 216776.
2, 7, 79
What are the prime factors of 172956?
2, 3, 7, 29, 71
What are the prime factors of 1613159?
67, 24077
What are the prime factors of 496701?
3, 229, 241
List the prime factors of 16459552.
2, 514361
List the prime factors of 537730.
2, 5, 53773
List the prime factors of 679484.
2, 13, 73, 179
List the prime factors of 388046.
2, 251, 773
What are the prime factors of 1471098?
2, 3, 245183
What are the prime factors of 226274?
2, 23, 4919
What are the prime factors of 147100?
2, 5, 1471
List the prime factors of 998335.
5, 13, 15359
List the prime factors of 224764.
2, 83, 677
List the prime factors of 3324987.
3, 127, 2909
What are the prime factors of 1641163?
17, 19, 5081
What are the prime factors of 126657?
3, 4691
List the prime factors of 1676034.
2, 3, 93113
What are the prime factors of 3675621?
3, 17, 97, 743
What are the prime factors of 2900291?
1361, 2131
List the prime factors of 168931.
7, 24133
List the prime factors of 1795234.
2, 7, 17, 19, 397
List the prime factors of 30815.
5, 6163
What are the prime factors of 733376?
2, 7, 1637
What are the prime factors of 1046434?
2, 37, 79, 179
What are the prime factors of 3057207?
3, 1019069
List the prime factors of 82617.
3, 27539
What are the prime factors of 596226?
2, 3, 99371
What are the prime factors of 2210861?
37, 59753
What are the prime factors of 93899?
13, 31, 233
What are the prime factors of 912090?
2, 3, 5, 30403
List the prime factors of 132542.
2, 66271
List the prime factors of 995306.
2, 13, 38281
What are the prime factors of 5255829?
3, 583981
List the prime factors of 209676.
2, 3, 101, 173
What are the prime factors of 2475338?
2, 43, 107, 269
What are the prime factors of 137849?
137849
What are the prime factors of 14554780?
2, 5, 211, 3449
List the prime factors of 178590.
2, 3, 5, 5953
List the prime factors of 4296206.
2, 17, 126359
What are the prime factors of 233757?
3, 19, 1367
W